{"id":115,"date":"2025-07-26T19:54:09","date_gmt":"2025-07-26T19:54:09","guid":{"rendered":"https:\/\/sc-ohlsbach.de\/?page_id=115"},"modified":"2025-11-13T18:42:45","modified_gmt":"2025-11-13T17:42:45","slug":"vorstand","status":"publish","type":"page","link":"https:\/\/sc-ohlsbach.de\/?page_id=115","title":{"rendered":"Vorstand"},"content":{"rendered":"\n<p class=\"wp-block-paragraph\">In der Mitgliederversammlung im Jahr 2024 wurden folgende Personen in den Vorstand gew\u00e4hlt:<\/p>\n\n\n\n<figure class=\"wp-block-table is-style-regular\"><table><tbody><tr><td>1. Vorsitzender<\/td><td>Thomas Helbig, Ortenberg<\/td><\/tr><tr><td>2. Vorsitzender<\/td><td>Helmut N\u00e4gele, Gengenbach<\/td><\/tr><tr><td>Kassenwart<\/td><td>Michael Schimpf, Hohberg<\/td><\/tr><tr><td>Spielleiter<\/td><td>Lennart Eberius, Offenburg<\/td><\/tr><tr><td>Jugendleiter<\/td><td>Lennart Eberius, Offenburg<\/td><\/tr><tr><td>Schriftf\u00fchrer<\/td><td>Andreas Brenner, OG-Zunsweier<\/td><\/tr><tr><td>Pressewart<\/td><td>Jan Schappacher, Berghaupten<\/td><\/tr><tr><td>Damenwart<\/td><td>Natascha Felder, Ohlsbach<\/td><\/tr><tr><td>Materialwart<\/td><td>Andreas Brenner, OG-Zunsweier<\/td><\/tr><tr><td><br><\/td><td><br><\/td><\/tr><tr><td>Kassenpr\u00fcfer 1<\/td><td><\/td><\/tr><tr><td>Kassenpr\u00fcfer 2<\/td><td><\/td><\/tr><tr><td><\/td><td><\/td><\/tr><tr><td>Schiedsrichter<\/td><td>RSR Sven Eberius<\/td><\/tr><\/tbody><\/table><\/figure>\n\n\n\n<p class=\"wp-block-paragraph\"><\/p>\n\n\n\n<p class=\"wp-block-paragraph\">Die n\u00e4chsten Vorstandswahlen finden im Jahr 2026 statt.<\/p>\n","protected":false},"excerpt":{"rendered":"<p>In der Mitgliederversammlung im Jahr 2024 wurden folgende Personen in den Vorstand gew\u00e4hlt: 1. Vorsitzender Thomas Helbig, Ortenberg 2. Vorsitzender Helmut N\u00e4gele, Gengenbach Kassenwart Michael Schimpf, Hohberg Spielleiter Lennart Eberius, Offenburg Jugendleiter Lennart Eberius, Offenburg Schriftf\u00fchrer Andreas Brenner, OG-Zunsweier Pressewart Jan Schappacher, Berghaupten Damenwart Natascha Felder, Ohlsbach Materialwart Andreas Brenner, OG-Zunsweier Kassenpr\u00fcfer 1 Kassenpr\u00fcfer 2 Schiedsrichter RSR Sven Eberius Die n\u00e4chsten Vorstandswahlen finden im Jahr 2026 statt.<\/p>\n","protected":false},"author":1,"featured_media":0,"parent":0,"menu_order":0,"comment_status":"closed","ping_status":"closed","template":"","meta":{"_crdt_document":"","_price":"","_stock":"","_tribe_ticket_header":"","_tribe_default_ticket_provider":"","_tribe_ticket_capacity":"0","_ticket_start_date":"","_ticket_end_date":"","_tribe_ticket_show_description":"","_tribe_ticket_show_not_going":false,"_tribe_ticket_use_global_stock":"","_tribe_ticket_global_stock_level":"","_global_stock_mode":"","_global_stock_cap":"","_tribe_rsvp_for_event":"","_tribe_ticket_going_count":"","_tribe_ticket_not_going_count":"","_tribe_tickets_list":"[]","_tribe_ticket_has_attendee_info_fields":false,"_kadence_starter_templates_imported_post":false,"_swpsp_post_exclude":false,"footnotes":"","_tec_slr_enabled":"","_tec_slr_layout":""},"class_list":["post-115","page","type-page","status-publish","hentry"],"ticketed":false,"_links":{"self":[{"href":"https:\/\/sc-ohlsbach.de\/index.php?rest_route=\/wp\/v2\/pages\/115","targetHints":{"allow":["GET"]}}],"collection":[{"href":"https:\/\/sc-ohlsbach.de\/index.php?rest_route=\/wp\/v2\/pages"}],"about":[{"href":"https:\/\/sc-ohlsbach.de\/index.php?rest_route=\/wp\/v2\/types\/page"}],"author":[{"embeddable":true,"href":"https:\/\/sc-ohlsbach.de\/index.php?rest_route=\/wp\/v2\/users\/1"}],"replies":[{"embeddable":true,"href":"https:\/\/sc-ohlsbach.de\/index.php?rest_route=%2Fwp%2Fv2%2Fcomments&post=115"}],"version-history":[{"count":9,"href":"https:\/\/sc-ohlsbach.de\/index.php?rest_route=\/wp\/v2\/pages\/115\/revisions"}],"predecessor-version":[{"id":1202,"href":"https:\/\/sc-ohlsbach.de\/index.php?rest_route=\/wp\/v2\/pages\/115\/revisions\/1202"}],"wp:attachment":[{"href":"https:\/\/sc-ohlsbach.de\/index.php?rest_route=%2Fwp%2Fv2%2Fmedia&parent=115"}],"curies":[{"name":"wp","href":"https:\/\/api.w.org\/{rel}","templated":true}]}}