{"id":127,"date":"2025-07-26T19:54:09","date_gmt":"2025-07-26T19:54:09","guid":{"rendered":"https:\/\/sc-ohlsbach.de\/?page_id=127"},"modified":"2025-08-13T13:50:21","modified_gmt":"2025-08-13T11:50:21","slug":"datenschutz","status":"publish","type":"page","link":"https:\/\/sc-ohlsbach.de\/?page_id=127","title":{"rendered":"Datenschutz"},"content":{"rendered":"\n<h2 class=\"wp-block-heading\">Datenschutzerkl\u00e4rung<\/h2>\n\n\n\n<h3 class=\"wp-block-heading\"><strong>1. Verantwortliche Stelle<\/strong><\/h3>\n\n\n\n<p class=\"wp-block-paragraph\">Verantwortliche Stelle im Sinne der Datenschutzgesetze, insbesondere der EU-Datenschutzgrundverordnung (DSGVO), ist:<\/p>\n\n\n\n<p class=\"wp-block-paragraph\">Schachclub BRANDECK-TURM e.V. Ohlsbach, vertreten durch<\/p>\n\n\n\n<p class=\"wp-block-paragraph\"><br>1. Vorsitzender: Thomas Helbig, Ortenberg<\/p>\n\n\n\n<p class=\"wp-block-paragraph\">2. Vorsitzender: Helmut N\u00e4gele, Gengenbach<\/p>\n\n\n\n<p class=\"wp-block-paragraph\">e-Mail: <a href=\"mailto:info@sc-ohlsbach.de\">info@sc-ohlsbach.de<\/a><\/p>\n\n\n\n<h3 class=\"wp-block-heading\"><strong>2. Ihre Betroffenenrechte<\/strong><\/h3>\n\n\n\n<p class=\"wp-block-paragraph\">Unter den oben angegebenen Kontaktdaten k\u00f6nnen Sie jederzeit folgende Rechte aus\u00fcben:<\/p>\n\n\n\n<ul class=\"wp-block-list\">\n<li>Auskunft \u00fcber Ihre bei uns gespeicherten Daten und deren Verarbeitung (Art. 15 DSGVO),<\/li>\n\n\n\n<li>Berichtigung unrichtiger personenbezogener Daten (Art. 16 DSGVO),<\/li>\n\n\n\n<li>L\u00f6schung Ihrer bei uns gespeicherten Daten (Art. 17 DSGVO),<\/li>\n\n\n\n<li>Einschr\u00e4nkung der Datenverarbeitung, sofern wir Ihre Daten aufgrund gesetzlicher Pflichten noch nicht l\u00f6schen d\u00fcrfen (Art. 18 DSGVO),<\/li>\n\n\n\n<li>Widerspruch gegen die Verarbeitung Ihrer Daten bei uns (Art. 21 DSGVO) und<\/li>\n\n\n\n<li>Daten\u00fcbertragbarkeit, sofern Sie in die Datenverarbeitung eingewilligt haben oder einen Vertrag mit uns abgeschlossen haben (Art. 20 DSGVO).<\/li>\n<\/ul>\n\n\n\n<p class=\"wp-block-paragraph\">Sofern Sie uns eine Einwilligung erteilt haben, k\u00f6nnen Sie diese jederzeit mit Wirkung f\u00fcr die Zukunft widerrufen.<\/p>\n\n\n\n<p class=\"wp-block-paragraph\">Sie k\u00f6nnen sich jederzeit mit einer Beschwerde an eine Aufsichtsbeh\u00f6rde wenden, z. B. an die zust\u00e4ndige Aufsichtsbeh\u00f6rde des Bundeslands Ihres Wohnsitzes oder an die f\u00fcr uns als verantwortliche Stelle zust\u00e4ndige Beh\u00f6rde (Art. 77 DSGVO).<\/p>\n\n\n\n<p class=\"wp-block-paragraph\">Eine Liste der Aufsichtsbeh\u00f6rden (f\u00fcr den nicht\u00f6ffentlichen Bereich) mit Anschrift finden Sie unter:\u00a0<a href=\"https:\/\/www.bfdi.bund.de\/DE\/Infothek\/Anschriften_Links\/anschriften_links-node.html\" target=\"_blank\" rel=\"noreferrer noopener\"><mark style=\"background-color:rgba(0, 0, 0, 0)\" class=\"has-inline-color has-vivid-red-color\">https:\/\/www.bfdi.bund.de\/DE\/Infothek\/Anschriften_Links\/anschriften_links-node.html<\/mark><\/a>.<br>\u00a0<\/p>\n\n\n\n<h3 class=\"wp-block-heading\"><strong>3. Erfassung allgemeiner Informationen beim Besuch unserer Website<\/strong><\/h3>\n\n\n\n<h4 class=\"wp-block-heading\">3.1. Art und Zweck der Verarbeitung:<\/h4>\n\n\n\n<p class=\"wp-block-paragraph\">Wenn Sie auf unsere Website zugreifen, d.h., wenn Sie sich nicht registrieren oder anderweitig Informationen \u00fcbermitteln, werden automatisch Informationen allgemeiner Natur erfasst. Diese Informationen (Server-Logfiles) beinhalten etwa die Art des Webbrowsers, das verwendete Betriebssystem, den Domainnamen Ihres Internet-Service-Providers, Ihre IP-Adresse und \u00e4hnliches.<\/p>\n\n\n\n<p class=\"wp-block-paragraph\">Sie werden insbesondere zu folgenden Zwecken verarbeitet:<\/p>\n\n\n\n<ul class=\"wp-block-list\">\n<li>Sicherstellung eines problemlosen Verbindungsaufbaus der Website,<\/li>\n\n\n\n<li>Sicherstellung einer reibungslosen Nutzung unserer Website,<\/li>\n\n\n\n<li>Auswertung der Systemsicherheit und -stabilit\u00e4t sowie<\/li>\n\n\n\n<li>zu weiteren administrativen Zwecken.<\/li>\n<\/ul>\n\n\n\n<p class=\"wp-block-paragraph\">Wir verwenden Ihre Daten nicht, um R\u00fcckschl\u00fcsse auf Ihre Person zu ziehen. Informationen dieser Art werden von uns ggfs. statistisch ausgewertet, um unseren Internetauftritt und die dahinterstehende Technik zu optimieren.<\/p>\n\n\n\n<h4 class=\"wp-block-heading\">3.2. Rechtsgrundlage:<\/h4>\n\n\n\n<p class=\"wp-block-paragraph\">Die Verarbeitung erfolgt gem\u00e4\u00df Art. 6 Abs. 1 lit. f DSGVO auf Basis unseres berechtigten Interesses an der Verbesserung der Stabilit\u00e4t und Funktionalit\u00e4t unserer Website.<\/p>\n\n\n\n<h4 class=\"wp-block-heading\">3.3. Empf\u00e4nger:<\/h4>\n\n\n\n<p class=\"wp-block-paragraph\">Empf\u00e4nger der Daten sind ggf. technische Dienstleister, die f\u00fcr den Betrieb und die Wartung unserer Webseite als Auftragsverarbeiter t\u00e4tig werden.<\/p>\n\n\n\n<h4 class=\"wp-block-heading\">3.4. Speicherdauer:<\/h4>\n\n\n\n<p class=\"wp-block-paragraph\">Die Daten werden gel\u00f6scht, sobald diese f\u00fcr den Zweck der Erhebung nicht mehr erforderlich sind. Dies ist f\u00fcr die Daten, die der Bereitstellung der Webseite dienen, grunds\u00e4tzlich der Fall, wenn die jeweilige Sitzung beendet ist.<\/p>\n\n\n\n<h4 class=\"wp-block-heading\">3.5. Bereitstellung vorgeschrieben oder erforderlich:<\/h4>\n\n\n\n<p class=\"wp-block-paragraph\">Die Bereitstellung der vorgenannten personenbezogenen Daten ist weder gesetzlich noch vertraglich vorgeschrieben. Ohne die IP-Adresse ist jedoch der Dienst und die Funktionsf\u00e4higkeit unserer Website nicht gew\u00e4hrleistet. Zudem k\u00f6nnen einzelne Dienste und Services nicht verf\u00fcgbar oder eingeschr\u00e4nkt sein. Aus diesem Grund ist ein Widerspruch ausgeschlossen.<br>&nbsp;<\/p>\n\n\n\n<h3 class=\"wp-block-heading\"><strong>4. Kontaktformulare \/ Anmeldeformulare<\/strong><\/h3>\n\n\n\n<h4 class=\"wp-block-heading\">4.1. Art und Zweck der Verarbeitung:<\/h4>\n\n\n\n<p class=\"wp-block-paragraph\">Die von Ihnen eingegebenen Daten werden zum Zweck der individuellen Kommunikation mit Ihnen gespeichert. Hierf\u00fcr ist die Angabe einer validen E-Mail-Adresse sowie Ihres Namens erforderlich. Diese dient der Zuordnung der Anfrage und der anschlie\u00dfenden Beantwortung derselben. Die Angabe weiterer Daten ist optional.<br>Die im Anmeldeformular (z.B. zum Silvester-Schach-Turnier) eingegebenen Daten werden zum Zweck der Turnierverwaltung und Turnierauswertung bis zum Ende des jeweiligen Turniers gespeichert, und teilweise (z.B. Name, Verein, Wertungszahl) auch auf dieser Webseite, der Webseite des Schachbezirkes Ortenau sowie lokalen Printmedien ver\u00f6ffentlicht.<\/p>\n\n\n\n<h4 class=\"wp-block-heading\">4.2. Rechtsgrundlage:<\/h4>\n\n\n\n<p class=\"wp-block-paragraph\">Die Verarbeitung der in das Kontaktformular eingegebenen Daten erfolgt auf der Grundlage eines berechtigten Interesses (Art. 6 Abs. 1 lit. f DSGVO).<\/p>\n\n\n\n<p class=\"wp-block-paragraph\">Durch Bereitstellung des Kontaktformulars m\u00f6chten wir Ihnen eine unkomplizierte Kontaktaufnahme erm\u00f6glichen. Ihre gemachten Angaben werden zum Zwecke der Bearbeitung der Anfrage sowie f\u00fcr m\u00f6gliche Anschlussfragen gespeichert.<br>Mit dem Anmeldeformular m\u00f6chten wir Ihnen eine einfache und zeitgem\u00e4\u00dfe M\u00f6glichkeit bieten, sich zu einem unserer Turniere (z.B. Silvester-Schach-Turnier) anzumelden. Die Speicherung und teilweise Ver\u00f6ffentlichung erfolgt aufgrund unseres berechtigten Interesses, unsere Turniere ordnungsgem\u00e4\u00df und fair durchzuf\u00fchren, auszuwerten und in der \u00d6ffentlichkeit publik zu machen.<\/p>\n\n\n\n<h4 class=\"wp-block-heading\">4.3. Empf\u00e4nger:<\/h4>\n\n\n\n<p class=\"wp-block-paragraph\">Empf\u00e4nger der Daten sind die genannten Personen des Vereinsvorstandes.<br>Die Daten aus dem Anmeldeformular gehen an den Verein \u201eSchachclub Brandeck-Turm e.V. Ohlsbach&#8220; sowie den zust\u00e4ndigen Turnierleiter oder extern zugeteilte Schiedsrichter. Sie werden au\u00dferdem zum Zwecke der Turnierauswertung an den Wertungsreferenten des Schachbezirks Ortenau weitergeleitet.<\/p>\n\n\n\n<h4 class=\"wp-block-heading\">4.4. Speicherdauer:<\/h4>\n\n\n\n<p class=\"wp-block-paragraph\">Daten werden sp\u00e4testens 6 Monate nach Bearbeitung der Anfrage gel\u00f6scht.<\/p>\n\n\n\n<h4 class=\"wp-block-heading\">4.5. Bereitstellung vorgeschrieben oder erforderlich:<\/h4>\n\n\n\n<p class=\"wp-block-paragraph\">Die Bereitstellung Ihrer personenbezogenen Daten erfolgt freiwillig. Wir k\u00f6nnen Ihre Anfrage jedoch nur bearbeiten, sofern Sie uns Ihren Namen, Ihre E-Mail-Adresse und den Grund der Anfrage mitteilen.<br>Zudem k\u00f6nnen Sie ohne Angabe der erforderlichen Daten nicht an einem unserer Turniere teilnehmen.<br>&nbsp;<\/p>\n\n\n\n<h4 class=\"wp-block-heading\">4.6 Anbieter der Formulare<\/h4>\n\n\n\n<p class=\"wp-block-paragraph\">Folgendes Unternehmen stellt die Kontakt- und Anmeldeformulare auf dieser Web-Site zur Verf\u00fcgung:<br>&#8211; DIS d\u00fcrr-internet-service, Wolfgang D\u00fcrr, In den Kehlen 4, 97342 Marktsteft &#8211;<br>Die mit den Formularen \u00fcbertragenen Daten werden in Echtzeit im Server des Unternehmens aufgearbeitet und direkt per E-Mail an uns verschickt. Im Logfile des Mailservers wird nur der Timestamp und die Zustellung zum Empf\u00e4nger protokolliert. Daten aus den Formularen werden von dem genannten Unternehmen nicht gespeichert.<\/p>\n\n\n\n<h3 class=\"wp-block-heading\"><strong>5. Verwendung von Google Maps<\/strong><\/h3>\n\n\n\n<p class=\"wp-block-paragraph\">Auf dieser Webseite nutzen wir das Angebot von Google Maps. Google Maps wird von Google LLC, 1600 Amphitheatre Parkway, Mountain View, CA 94043, USA (nachfolgend \u201eGoogle\u201c) betrieben. Dadurch k\u00f6nnen wir Ihnen interaktive Karten direkt in der Webseite anzeigen und erm\u00f6glichen Ihnen die komfortable Nutzung der Karten-Funktion.<\/p>\n\n\n\n<p class=\"wp-block-paragraph\">N\u00e4here Informationen \u00fcber die Datenverarbeitung durch Google k\u00f6nnen Sie\u00a0<a href=\"http:\/\/www.google.com\/privacypolicy.html\"><mark style=\"background-color:rgba(0, 0, 0, 0)\" class=\"has-inline-color has-vivid-red-color\">den Google-Datenschutzhinweisen<\/mark><\/a>\u00a0entnehmen. Dort k\u00f6nnen Sie im Datenschutzcenter auch Ihre pers\u00f6nlichen Datenschutz-Einstellungen ver\u00e4ndern.<\/p>\n\n\n\n<p class=\"wp-block-paragraph\">Ausf\u00fchrliche Anleitungen zur Verwaltung der eigenen Daten im Zusammenhang mit Google-Produkten<a href=\"http:\/\/www.dataliberation.org\/\"><mark style=\"background-color:rgba(0, 0, 0, 0)\" class=\"has-inline-color has-vivid-red-color\">\u00a0finden Sie hier<\/mark><\/a>.<\/p>\n\n\n\n<h3 class=\"wp-block-heading\"><strong>6. SSL-Verschl\u00fcsselung<\/strong><\/h3>\n\n\n\n<p class=\"wp-block-paragraph\">Um die Sicherheit Ihrer Daten bei der \u00dcbertragung zu sch\u00fctzen, verwenden wir dem aktuellen Stand der Technik entsprechende Verschl\u00fcsselungsverfahren (z. B. SSL) \u00fcber HTTPS.<br>&nbsp;<\/p>\n\n\n\n<h3 class=\"wp-block-heading\"><strong>7. \u00c4nderung unserer Datenschutzbestimmungen<\/strong><\/h3>\n\n\n\n<p class=\"wp-block-paragraph\">Wir behalten uns vor, diese Datenschutzerkl\u00e4rung anzupassen, damit sie stets den aktuellen rechtlichen Anforderungen entspricht oder um \u00c4nderungen unserer Leistungen in der Datenschutzerkl\u00e4rung umzusetzen, z.B. bei der Einf\u00fchrung neuer Services. F\u00fcr Ihren erneuten Besuch gilt dann die neue Datenschutzerkl\u00e4rung.<br>&nbsp;<\/p>\n","protected":false},"excerpt":{"rendered":"<p>Datenschutzerkl\u00e4rung 1. Verantwortliche Stelle Verantwortliche Stelle im Sinne der Datenschutzgesetze, insbesondere der EU-Datenschutzgrundverordnung (DSGVO), ist: Schachclub BRANDECK-TURM e.V. Ohlsbach, vertreten durch 1. Vorsitzender: Thomas Helbig, Ortenberg 2. Vorsitzender: Helmut N\u00e4gele, Gengenbach e-Mail: info@sc-ohlsbach.de 2. Ihre Betroffenenrechte Unter den oben angegebenen Kontaktdaten k\u00f6nnen Sie jederzeit folgende Rechte aus\u00fcben: Sofern Sie uns eine Einwilligung erteilt haben, k\u00f6nnen Sie diese jederzeit mit Wirkung f\u00fcr die Zukunft widerrufen. Sie k\u00f6nnen sich jederzeit mit einer Beschwerde an eine Aufsichtsbeh\u00f6rde wenden, z. B. an die zust\u00e4ndige&#8230;<\/p>\n<p class=\"read-more\"><a class=\"btn btn-default\" href=\"https:\/\/sc-ohlsbach.de\/?page_id=127\">Weiterlesen<span class=\"screen-reader-text\"> Weiterlesen<\/span><\/a><\/p>\n","protected":false},"author":1,"featured_media":0,"parent":0,"menu_order":0,"comment_status":"closed","ping_status":"closed","template":"","meta":{"_crdt_document":"","_price":"","_stock":"","_tribe_ticket_header":"","_tribe_default_ticket_provider":"","_tribe_ticket_capacity":"0","_ticket_start_date":"","_ticket_end_date":"","_tribe_ticket_show_description":"","_tribe_ticket_show_not_going":false,"_tribe_ticket_use_global_stock":"","_tribe_ticket_global_stock_level":"","_global_stock_mode":"","_global_stock_cap":"","_tribe_rsvp_for_event":"","_tribe_ticket_going_count":"","_tribe_ticket_not_going_count":"","_tribe_tickets_list":"[]","_tribe_ticket_has_attendee_info_fields":false,"_kadence_starter_templates_imported_post":false,"_swpsp_post_exclude":false,"footnotes":"","_tec_slr_enabled":"","_tec_slr_layout":""},"class_list":["post-127","page","type-page","status-publish","hentry"],"ticketed":false,"_links":{"self":[{"href":"https:\/\/sc-ohlsbach.de\/index.php?rest_route=\/wp\/v2\/pages\/127","targetHints":{"allow":["GET"]}}],"collection":[{"href":"https:\/\/sc-ohlsbach.de\/index.php?rest_route=\/wp\/v2\/pages"}],"about":[{"href":"https:\/\/sc-ohlsbach.de\/index.php?rest_route=\/wp\/v2\/types\/page"}],"author":[{"embeddable":true,"href":"https:\/\/sc-ohlsbach.de\/index.php?rest_route=\/wp\/v2\/users\/1"}],"replies":[{"embeddable":true,"href":"https:\/\/sc-ohlsbach.de\/index.php?rest_route=%2Fwp%2Fv2%2Fcomments&post=127"}],"version-history":[{"count":4,"href":"https:\/\/sc-ohlsbach.de\/index.php?rest_route=\/wp\/v2\/pages\/127\/revisions"}],"predecessor-version":[{"id":742,"href":"https:\/\/sc-ohlsbach.de\/index.php?rest_route=\/wp\/v2\/pages\/127\/revisions\/742"}],"wp:attachment":[{"href":"https:\/\/sc-ohlsbach.de\/index.php?rest_route=%2Fwp%2Fv2%2Fmedia&parent=127"}],"curies":[{"name":"wp","href":"https:\/\/api.w.org\/{rel}","templated":true}]}}