{"id":350,"date":"2025-07-30T15:22:19","date_gmt":"2025-07-30T13:22:19","guid":{"rendered":"https:\/\/sc-ohlsbach.de\/?page_id=350"},"modified":"2026-03-31T00:52:41","modified_gmt":"2026-03-30T22:52:41","slug":"kt-siegerliste","status":"publish","type":"page","link":"https:\/\/sc-ohlsbach.de\/?page_id=350","title":{"rendered":"U12 Sch\u00fcler- und Kinderturnier 2026"},"content":{"rendered":"\n<p class=\"wp-block-paragraph\"><\/p>\n\n\n\n<p class=\"wp-block-paragraph\">Im <strong>A-Turnier<\/strong> &#8211; geleitet von Regional-Schiedsrichter Sven Eberius &#8211; gewann <strong>Falk Wiehler<\/strong> vom TV Breisach vor <strong>Alexander Vitchtein<\/strong> vom SC Neum\u00fchl und <strong>Yves Eck<\/strong>, ebenfalls aus Breisach.<\/p>\n\n\n\n<figure class=\"wp-block-image size-full\"><img decoding=\"async\" src=\"https:\/\/sc-ohlsbach.de\/wp-content\/uploads\/2026\/03\/2026_U12_A_Sieger.jpg\" alt=\"\" class=\"wp-image-1573\"\/><figcaption class=\"wp-element-caption\">v.l.n.r.: Yves Eck (3.Platz), Alexander Vitchtein (2.Platz), Falk Wiehler (1.Platz)<\/figcaption><\/figure>\n\n\n\n<p class=\"wp-block-paragraph\">Das <strong>B-Turnier<\/strong> unter der Leitung von Lennart Eberius und Helmut N\u00e4gele gewann <strong>Lian Troesch<\/strong> vom SC Neum\u00fchl, Zweiter wurde <strong>Samuel De Boer<\/strong> aus Seelbach. den dritten Platz belegte <strong>Noa Trbara<\/strong> von der M\u00f6rburgschule Langhurst.<\/p>\n\n\n\n<figure class=\"wp-block-image size-full\"><img loading=\"lazy\" decoding=\"async\" width=\"2291\" height=\"2268\" src=\"https:\/\/sc-ohlsbach.de\/wp-content\/uploads\/2026\/03\/2026_U12_B_Sieger.jpg\" alt=\"\" class=\"wp-image-1575\" srcset=\"https:\/\/sc-ohlsbach.de\/wp-content\/uploads\/2026\/03\/2026_U12_B_Sieger.jpg 2291w, https:\/\/sc-ohlsbach.de\/wp-content\/uploads\/2026\/03\/2026_U12_B_Sieger-300x297.jpg 300w, https:\/\/sc-ohlsbach.de\/wp-content\/uploads\/2026\/03\/2026_U12_B_Sieger-768x760.jpg 768w, https:\/\/sc-ohlsbach.de\/wp-content\/uploads\/2026\/03\/2026_U12_B_Sieger-1024x1014.jpg 1024w, https:\/\/sc-ohlsbach.de\/wp-content\/uploads\/2026\/03\/2026_U12_B_Sieger-1536x1521.jpg 1536w, https:\/\/sc-ohlsbach.de\/wp-content\/uploads\/2026\/03\/2026_U12_B_Sieger-2048x2027.jpg 2048w, https:\/\/sc-ohlsbach.de\/wp-content\/uploads\/2026\/03\/2026_U12_B_Sieger-272x270.jpg 272w\" sizes=\"auto, (max-width: 2291px) 100vw, 2291px\" \/><figcaption class=\"wp-element-caption\">v.l.n.r.: Samuel De Boer (2.Platz), Lian Troesch (1.Platz), Noa Trbara (3.Platz)<\/figcaption><\/figure>\n\n\n<h2 id=\"tablepress-12-name\" class=\"tablepress-table-name tablepress-table-name-id-12\">U12-Turnier 2026 Ohlsbach Gr.A-Fort.html<\/h2>\n\n<table id=\"tablepress-12\" class=\"tablepress tablepress-id-12\" aria-labelledby=\"tablepress-12-name\">\n<thead>\n<tr class=\"row-1\">\n\t<th class=\"column-1\">Nr.<\/th><th class=\"column-2\">Teilnehmer<\/th><th class=\"column-3\">ELO<\/th><th class=\"column-4\">NWZ<\/th><th class=\"column-5\">1<\/th><th class=\"column-6\">2<\/th><th class=\"column-7\">3<\/th><th class=\"column-8\">4<\/th><th class=\"column-9\">5<\/th><th class=\"column-10\">Punkte<\/th><th class=\"column-11\">Buchh<\/th><th class=\"column-12\">SoBerg<\/th>\n<\/tr>\n<\/thead>\n<tbody class=\"row-striping row-hover\">\n<tr class=\"row-2\">\n\t<td class=\"column-1\">1<\/td><td class=\"column-2\">Wiehler,Falk<\/td><td class=\"column-3\">\u00a0<\/td><td class=\"column-4\">1058<\/td><td class=\"column-5\">11w1<\/td><td class=\"column-6\">10s1<\/td><td class=\"column-7\">6w1<\/td><td class=\"column-8\">2s0<\/td><td class=\"column-9\">3s1<\/td><td class=\"column-10\">4.0<\/td><td class=\"column-11\">14.5<\/td><td class=\"column-12\">10.50<\/td>\n<\/tr>\n<tr class=\"row-3\">\n\t<td class=\"column-1\">2<\/td><td class=\"column-2\">Vitchtein,Alexand<\/td><td class=\"column-3\">\u00a0<\/td><td class=\"column-4\">1059<\/td><td class=\"column-5\">15s1<\/td><td class=\"column-6\">9w1<\/td><td class=\"column-7\">3s\u00bd<\/td><td class=\"column-8\">1w1<\/td><td class=\"column-9\">4s\u00bd<\/td><td class=\"column-10\">4.0<\/td><td class=\"column-11\">14.0<\/td><td class=\"column-12\">10.50<\/td>\n<\/tr>\n<tr class=\"row-4\">\n\t<td class=\"column-1\">3<\/td><td class=\"column-2\">Eck,Yves<\/td><td class=\"column-3\">\u00a0<\/td><td class=\"column-4\">\u00a0<\/td><td class=\"column-5\">4w1<\/td><td class=\"column-6\">8s1<\/td><td class=\"column-7\">2w\u00bd<\/td><td class=\"column-8\">6s1<\/td><td class=\"column-9\">1w0<\/td><td class=\"column-10\">3.5<\/td><td class=\"column-11\">17.5<\/td><td class=\"column-12\">11.50<\/td>\n<\/tr>\n<tr class=\"row-5\">\n\t<td class=\"column-1\">4<\/td><td class=\"column-2\">Baumg\u00e4rtner,Daniel<\/td><td class=\"column-3\">1494<\/td><td class=\"column-4\">829<\/td><td class=\"column-5\">3s0<\/td><td class=\"column-6\">16w1<\/td><td class=\"column-7\">10s1<\/td><td class=\"column-8\">9w1<\/td><td class=\"column-9\">2w\u00bd<\/td><td class=\"column-10\">3.5<\/td><td class=\"column-11\">11.5<\/td><td class=\"column-12\">6.00<\/td>\n<\/tr>\n<tr class=\"row-6\">\n\t<td class=\"column-1\">5<\/td><td class=\"column-2\">Lyubimov,Georgii<\/td><td class=\"column-3\">\u00a0<\/td><td class=\"column-4\">804<\/td><td class=\"column-5\">9-<\/td><td class=\"column-6\">15w1<\/td><td class=\"column-7\">7s\u00bd<\/td><td class=\"column-8\">14w1<\/td><td class=\"column-9\">9s1<\/td><td class=\"column-10\">3.5<\/td><td class=\"column-11\">11.0<\/td><td class=\"column-12\">6.00<\/td>\n<\/tr>\n<tr class=\"row-7\">\n\t<td class=\"column-1\">6<\/td><td class=\"column-2\">Steurer,Anton<\/td><td class=\"column-3\">\u00a0<\/td><td class=\"column-4\">838<\/td><td class=\"column-5\">12s1<\/td><td class=\"column-6\">7w1<\/td><td class=\"column-7\">1s0<\/td><td class=\"column-8\">3w0<\/td><td class=\"column-9\">14s1<\/td><td class=\"column-10\">3.0<\/td><td class=\"column-11\">14.0<\/td><td class=\"column-12\">6.50<\/td>\n<\/tr>\n<tr class=\"row-8\">\n\t<td class=\"column-1\">7<\/td><td class=\"column-2\">Rozanowske,Florian<\/td><td class=\"column-3\">\u00a0<\/td><td class=\"column-4\">\u00a0<\/td><td class=\"column-5\">13w1<\/td><td class=\"column-6\">6s0<\/td><td class=\"column-7\">5w\u00bd<\/td><td class=\"column-8\">11s\u00bd<\/td><td class=\"column-9\">12w1<\/td><td class=\"column-10\">3.0<\/td><td class=\"column-11\">12.5<\/td><td class=\"column-12\">6.75<\/td>\n<\/tr>\n<tr class=\"row-9\">\n\t<td class=\"column-1\">8<\/td><td class=\"column-2\">Weil,Anton<\/td><td class=\"column-3\">\u00a0<\/td><td class=\"column-4\">\u00a0<\/td><td class=\"column-5\">16s1<\/td><td class=\"column-6\">3w0<\/td><td class=\"column-7\">14s0<\/td><td class=\"column-8\">13s1<\/td><td class=\"column-9\">11w1<\/td><td class=\"column-10\">3.0<\/td><td class=\"column-11\">9.0<\/td><td class=\"column-12\">4.00<\/td>\n<\/tr>\n<tr class=\"row-10\">\n\t<td class=\"column-1\">9<\/td><td class=\"column-2\">Mezzetti,Claudio<\/td><td class=\"column-3\">\u00a0<\/td><td class=\"column-4\">\u00a0<\/td><td class=\"column-5\">5+<\/td><td class=\"column-6\">2s0<\/td><td class=\"column-7\">13w1<\/td><td class=\"column-8\">4s0<\/td><td class=\"column-9\">5w0<\/td><td class=\"column-10\">2.0<\/td><td class=\"column-11\">15.0<\/td><td class=\"column-12\">4.00<\/td>\n<\/tr>\n<tr class=\"row-11\">\n\t<td class=\"column-1\">10<\/td><td class=\"column-2\">Fluri,Svenja<\/td><td class=\"column-3\">\u00a0<\/td><td class=\"column-4\">\u00a0<\/td><td class=\"column-5\">14s1<\/td><td class=\"column-6\">1w0<\/td><td class=\"column-7\">4w0<\/td><td class=\"column-8\">12s0<\/td><td class=\"column-9\">15w1<\/td><td class=\"column-10\">2.0<\/td><td class=\"column-11\">12.0<\/td><td class=\"column-12\">2.50<\/td>\n<\/tr>\n<tr class=\"row-12\">\n\t<td class=\"column-1\">11<\/td><td class=\"column-2\">G\u00fcttler,Georg<\/td><td class=\"column-3\">\u00a0<\/td><td class=\"column-4\">\u00a0<\/td><td class=\"column-5\">1s0<\/td><td class=\"column-6\">14w\u00bd<\/td><td class=\"column-7\">16s1<\/td><td class=\"column-8\">7w\u00bd<\/td><td class=\"column-9\">8s0<\/td><td class=\"column-10\">2.0<\/td><td class=\"column-11\">11.5<\/td><td class=\"column-12\">2.25<\/td>\n<\/tr>\n<tr class=\"row-13\">\n\t<td class=\"column-1\">12<\/td><td class=\"column-2\">Matern,Emil<\/td><td class=\"column-3\">\u00a0<\/td><td class=\"column-4\">\u00a0<\/td><td class=\"column-5\">6w0<\/td><td class=\"column-6\">13s0<\/td><td class=\"column-7\">15s1<\/td><td class=\"column-8\">10w1<\/td><td class=\"column-9\">7s0<\/td><td class=\"column-10\">2.0<\/td><td class=\"column-11\">11.0<\/td><td class=\"column-12\">3.00<\/td>\n<\/tr>\n<tr class=\"row-14\">\n\t<td class=\"column-1\">13<\/td><td class=\"column-2\">Feller,Maria<\/td><td class=\"column-3\">\u00a0<\/td><td class=\"column-4\">755<\/td><td class=\"column-5\">7s0<\/td><td class=\"column-6\">12w1<\/td><td class=\"column-7\">9s0<\/td><td class=\"column-8\">8w0<\/td><td class=\"column-9\">16s1<\/td><td class=\"column-10\">2.0<\/td><td class=\"column-11\">10.0<\/td><td class=\"column-12\">2.00<\/td>\n<\/tr>\n<tr class=\"row-15\">\n\t<td class=\"column-1\">14<\/td><td class=\"column-2\">H\u00f6rger,Jakob<\/td><td class=\"column-3\">\u00a0<\/td><td class=\"column-4\">1107<\/td><td class=\"column-5\">10w0<\/td><td class=\"column-6\">11s\u00bd<\/td><td class=\"column-7\">8w1<\/td><td class=\"column-8\">5s0<\/td><td class=\"column-9\">6w0<\/td><td class=\"column-10\">1.5<\/td><td class=\"column-11\">13.5<\/td><td class=\"column-12\">4.00<\/td>\n<\/tr>\n<tr class=\"row-16\">\n\t<td class=\"column-1\">15<\/td><td class=\"column-2\">Grim,Lias<\/td><td class=\"column-3\">\u00a0<\/td><td class=\"column-4\">\u00a0<\/td><td class=\"column-5\">2w0<\/td><td class=\"column-6\">5s0<\/td><td class=\"column-7\">12w0<\/td><td class=\"column-8\">16w1<\/td><td class=\"column-9\">10s0<\/td><td class=\"column-10\">1.0<\/td><td class=\"column-11\">11.5<\/td><td class=\"column-12\">0.00<\/td>\n<\/tr>\n<tr class=\"row-17\">\n\t<td class=\"column-1\">16<\/td><td class=\"column-2\">B\u00f6rschig,Max<\/td><td class=\"column-3\">\u00a0<\/td><td class=\"column-4\">\u00a0<\/td><td class=\"column-5\">8w0<\/td><td class=\"column-6\">4s0<\/td><td class=\"column-7\">11w0<\/td><td class=\"column-8\">15s0<\/td><td class=\"column-9\">13w0<\/td><td class=\"column-10\">0.0<\/td><td class=\"column-11\">11.5<\/td><td class=\"column-12\">0.00<\/td>\n<\/tr>\n<\/tbody>\n<\/table>\n<!-- #tablepress-12 from cache -->\n\n<h2 id=\"tablepress-11-name\" class=\"tablepress-table-name tablepress-table-name-id-11\">U12-Turnier 2026 Ohlsbach Gr.B-TeilRang.html<\/h2>\n\n<table id=\"tablepress-11\" class=\"tablepress tablepress-id-11\" aria-labelledby=\"tablepress-11-name\">\n<thead>\n<tr class=\"row-1\">\n\t<th class=\"column-1\">Rang<\/th><th class=\"column-2\">Teilnehmer<\/th><th class=\"column-3\">Verein\/Ort<\/th><th class=\"column-4\">won<\/th><th class=\"column-5\">remis<\/th><th class=\"column-6\">lost<\/th><th class=\"column-7\">Punkte<\/th><th class=\"column-8\">Buchh<\/th><th class=\"column-9\">SoBerg<\/th>\n<\/tr>\n<\/thead>\n<tbody class=\"row-striping row-hover\">\n<tr class=\"row-2\">\n\t<td class=\"column-1\">1<\/td><td class=\"column-2\">Troesch,Lian<\/td><td class=\"column-3\">SC\u00a0Neum\u00fchl<\/td><td class=\"column-4\">5<\/td><td class=\"column-5\">2<\/td><td class=\"column-6\">0<\/td><td class=\"column-7\">6.0<\/td><td class=\"column-8\">28.5<\/td><td class=\"column-9\">23.00<\/td>\n<\/tr>\n<tr class=\"row-3\">\n\t<td class=\"column-1\">2<\/td><td class=\"column-2\">De\u00a0Boer,\u00a0Samuel<\/td><td class=\"column-3\">Seelbach<\/td><td class=\"column-4\">5<\/td><td class=\"column-5\">1<\/td><td class=\"column-6\">1<\/td><td class=\"column-7\">5.5<\/td><td class=\"column-8\">31.5<\/td><td class=\"column-9\">23.50<\/td>\n<\/tr>\n<tr class=\"row-4\">\n\t<td class=\"column-1\">3<\/td><td class=\"column-2\">Trbara,\u00a0Noa<\/td><td class=\"column-3\">M\u00f6rburgS Langhurst<\/td><td class=\"column-4\">5<\/td><td class=\"column-5\">1<\/td><td class=\"column-6\">1<\/td><td class=\"column-7\">5.5<\/td><td class=\"column-8\">31.0<\/td><td class=\"column-9\">22.50<\/td>\n<\/tr>\n<tr class=\"row-5\">\n\t<td class=\"column-1\">4<\/td><td class=\"column-2\">Portscheller,Theo<\/td><td class=\"column-3\">SVG\u00a0Offenburg<\/td><td class=\"column-4\">5<\/td><td class=\"column-5\">0<\/td><td class=\"column-6\">2<\/td><td class=\"column-7\">5.0<\/td><td class=\"column-8\">30.5<\/td><td class=\"column-9\">19.00<\/td>\n<\/tr>\n<tr class=\"row-6\">\n\t<td class=\"column-1\">5<\/td><td class=\"column-2\">Schillinger, Leonhard<\/td><td class=\"column-3\">GS\u00a0Ortenberg<\/td><td class=\"column-4\">4<\/td><td class=\"column-5\">1<\/td><td class=\"column-6\">2<\/td><td class=\"column-7\">4.5<\/td><td class=\"column-8\">28.5<\/td><td class=\"column-9\">17.25<\/td>\n<\/tr>\n<tr class=\"row-7\">\n\t<td class=\"column-1\">6<\/td><td class=\"column-2\">Dimitrov,\u00a0Georgii<\/td><td class=\"column-3\">Seelbach<\/td><td class=\"column-4\">4<\/td><td class=\"column-5\">1<\/td><td class=\"column-6\">2<\/td><td class=\"column-7\">4.5<\/td><td class=\"column-8\">27.5<\/td><td class=\"column-9\">15.25<\/td>\n<\/tr>\n<tr class=\"row-8\">\n\t<td class=\"column-1\">7<\/td><td class=\"column-2\">Lamm,\u00a0Erik<\/td><td class=\"column-3\">GMS\u00a0Achern<\/td><td class=\"column-4\">3<\/td><td class=\"column-5\">3<\/td><td class=\"column-6\">1<\/td><td class=\"column-7\">4.5<\/td><td class=\"column-8\">24.0<\/td><td class=\"column-9\">14.25<\/td>\n<\/tr>\n<tr class=\"row-9\">\n\t<td class=\"column-1\">8<\/td><td class=\"column-2\">Steimer,Milas<\/td><td class=\"column-3\">SVG\u00a0Offenburg<\/td><td class=\"column-4\">4<\/td><td class=\"column-5\">0<\/td><td class=\"column-6\">3<\/td><td class=\"column-7\">4.0<\/td><td class=\"column-8\">30.5<\/td><td class=\"column-9\">13.50<\/td>\n<\/tr>\n<tr class=\"row-10\">\n\t<td class=\"column-1\">9<\/td><td class=\"column-2\">Sch\u00fctterle, Julian<\/td><td class=\"column-3\">Neum\u00fchl<\/td><td class=\"column-4\">4<\/td><td class=\"column-5\">0<\/td><td class=\"column-6\">3<\/td><td class=\"column-7\">4.0<\/td><td class=\"column-8\">27.5<\/td><td class=\"column-9\">14.00<\/td>\n<\/tr>\n<tr class=\"row-11\">\n\t<td class=\"column-1\">10<\/td><td class=\"column-2\">Heinrich,Aron<\/td><td class=\"column-3\">SVG\u00a0Offenburg<\/td><td class=\"column-4\">4<\/td><td class=\"column-5\">0<\/td><td class=\"column-6\">3<\/td><td class=\"column-7\">4.0<\/td><td class=\"column-8\">23.0<\/td><td class=\"column-9\">10.50<\/td>\n<\/tr>\n<tr class=\"row-12\">\n\t<td class=\"column-1\">11<\/td><td class=\"column-2\">Me\u00dfmer,\u00a0Felicia<\/td><td class=\"column-3\">GS\u00a0Oberrotweil<\/td><td class=\"column-4\">3<\/td><td class=\"column-5\">1<\/td><td class=\"column-6\">3<\/td><td class=\"column-7\">3.5<\/td><td class=\"column-8\">26.5<\/td><td class=\"column-9\">11.25<\/td>\n<\/tr>\n<tr class=\"row-13\">\n\t<td class=\"column-1\">12<\/td><td class=\"column-2\">Braun,\u00a0Justus<\/td><td class=\"column-3\">GS\u00a0Ortenberg<\/td><td class=\"column-4\">3<\/td><td class=\"column-5\">1<\/td><td class=\"column-6\">3<\/td><td class=\"column-7\">3.5<\/td><td class=\"column-8\">26.0<\/td><td class=\"column-9\">10.25<\/td>\n<\/tr>\n<tr class=\"row-14\">\n\t<td class=\"column-1\">13<\/td><td class=\"column-2\">Polat,\u00a0Mahir<\/td><td class=\"column-3\">GS\u00a0Berghaupten<\/td><td class=\"column-4\">3<\/td><td class=\"column-5\">1<\/td><td class=\"column-6\">0<\/td><td class=\"column-7\">3.5<\/td><td class=\"column-8\">19.0<\/td><td class=\"column-9\">7.25<\/td>\n<\/tr>\n<tr class=\"row-15\">\n\t<td class=\"column-1\">14<\/td><td class=\"column-2\">H\u00f6rger,David<\/td><td class=\"column-3\">SC Ohlsbach<\/td><td class=\"column-4\">3<\/td><td class=\"column-5\">0<\/td><td class=\"column-6\">4<\/td><td class=\"column-7\">3.0<\/td><td class=\"column-8\">26.5<\/td><td class=\"column-9\">8.00<\/td>\n<\/tr>\n<tr class=\"row-16\">\n\t<td class=\"column-1\">15<\/td><td class=\"column-2\">Wunderlich,\u00a0Dean<\/td><td class=\"column-3\">GS\u00a0Ortenberg<\/td><td class=\"column-4\">3<\/td><td class=\"column-5\">0<\/td><td class=\"column-6\">4<\/td><td class=\"column-7\">3.0<\/td><td class=\"column-8\">25.5<\/td><td class=\"column-9\">8.00<\/td>\n<\/tr>\n<tr class=\"row-17\">\n\t<td class=\"column-1\">16<\/td><td class=\"column-2\">Heizmann,Paul<\/td><td class=\"column-3\">SC Ohlsbach<\/td><td class=\"column-4\">3<\/td><td class=\"column-5\">0<\/td><td class=\"column-6\">4<\/td><td class=\"column-7\">3.0<\/td><td class=\"column-8\">25.0<\/td><td class=\"column-9\">8.50<\/td>\n<\/tr>\n<tr class=\"row-18\">\n\t<td class=\"column-1\">17<\/td><td class=\"column-2\">Kruwinnus,Sophie<\/td><td class=\"column-3\">RealS Gengenbach<\/td><td class=\"column-4\">3<\/td><td class=\"column-5\">0<\/td><td class=\"column-6\">4<\/td><td class=\"column-7\">3.0<\/td><td class=\"column-8\">22.0<\/td><td class=\"column-9\">7.50<\/td>\n<\/tr>\n<tr class=\"row-19\">\n\t<td class=\"column-1\">18<\/td><td class=\"column-2\">Fosso Djateng, Louka<\/td><td class=\"column-3\">SVG\u00a0Offenburg<\/td><td class=\"column-4\">3<\/td><td class=\"column-5\">0<\/td><td class=\"column-6\">4<\/td><td class=\"column-7\">3.0<\/td><td class=\"column-8\">22.0<\/td><td class=\"column-9\">6.00<\/td>\n<\/tr>\n<tr class=\"row-20\">\n\t<td class=\"column-1\">19<\/td><td class=\"column-2\">Boschert,Sophia<\/td><td class=\"column-3\">SK\u00a0Appenweier<\/td><td class=\"column-4\">2<\/td><td class=\"column-5\">1<\/td><td class=\"column-6\">4<\/td><td class=\"column-7\">2.5<\/td><td class=\"column-8\">24.0<\/td><td class=\"column-9\">5.25<\/td>\n<\/tr>\n<tr class=\"row-21\">\n\t<td class=\"column-1\">20<\/td><td class=\"column-2\">Neiman,\u00a0Alexander<\/td><td class=\"column-3\">Seelbach<\/td><td class=\"column-4\">2<\/td><td class=\"column-5\">1<\/td><td class=\"column-6\">4<\/td><td class=\"column-7\">2.5<\/td><td class=\"column-8\">22.0<\/td><td class=\"column-9\">5.75<\/td>\n<\/tr>\n<tr class=\"row-22\">\n\t<td class=\"column-1\">21<\/td><td class=\"column-2\">Kruwinnus,Nils<\/td><td class=\"column-3\">GS\u00a0Berghaupten<\/td><td class=\"column-4\">2<\/td><td class=\"column-5\">0<\/td><td class=\"column-6\">5<\/td><td class=\"column-7\">2.0<\/td><td class=\"column-8\">22.5<\/td><td class=\"column-9\">5.00<\/td>\n<\/tr>\n<tr class=\"row-23\">\n\t<td class=\"column-1\">22<\/td><td class=\"column-2\">Scheibel,\u00a0Benno<\/td><td class=\"column-3\">Appenweier<\/td><td class=\"column-4\">2<\/td><td class=\"column-5\">0<\/td><td class=\"column-6\">5<\/td><td class=\"column-7\">2.0<\/td><td class=\"column-8\">18.5<\/td><td class=\"column-9\">3.00<\/td>\n<\/tr>\n<tr class=\"row-24\">\n\t<td class=\"column-1\">23<\/td><td class=\"column-2\">Kucki,\u00a0Maximilian<\/td><td class=\"column-3\">WeinbS Ohlsbach<\/td><td class=\"column-4\">1<\/td><td class=\"column-5\">0<\/td><td class=\"column-6\">6<\/td><td class=\"column-7\">1.0<\/td><td class=\"column-8\">18.0<\/td><td class=\"column-9\">1.00<\/td>\n<\/tr>\n<tr class=\"row-25\">\n\t<td class=\"column-1\">24<\/td><td class=\"column-2\">Heizmann,\u00a0Jaron<\/td><td class=\"column-3\">GS\u00a0Berghaupten<\/td><td class=\"column-4\">1<\/td><td class=\"column-5\">0<\/td><td class=\"column-6\">2<\/td><td class=\"column-7\">1.0<\/td><td class=\"column-8\">13.5<\/td><td class=\"column-9\">1.00<\/td>\n<\/tr>\n<tr class=\"row-26\">\n\t<td class=\"column-1\">25<\/td><td class=\"column-2\">Latrache,Adam<\/td><td class=\"column-3\">SVG\u00a0Offenburg<\/td><td class=\"column-4\">0<\/td><td class=\"column-5\">0<\/td><td class=\"column-6\">1<\/td><td class=\"column-7\">0.0<\/td><td class=\"column-8\">3.5<\/td><td class=\"column-9\">0.00<\/td>\n<\/tr>\n<\/tbody>\n<\/table>\n<!-- #tablepress-11 from cache -->\n\n\n<figure class=\"wp-block-gallery has-nested-images columns-default is-cropped wp-block-gallery-1 is-layout-flex wp-block-gallery-is-layout-flex\">\n<figure class=\"wp-block-image size-large\"><img loading=\"lazy\" decoding=\"async\" width=\"1024\" height=\"576\" data-id=\"1584\" src=\"https:\/\/sc-ohlsbach.de\/wp-content\/uploads\/2026\/03\/2026_A_U12_zwei-1024x576.jpg\" alt=\"\" class=\"wp-image-1584\" srcset=\"https:\/\/sc-ohlsbach.de\/wp-content\/uploads\/2026\/03\/2026_A_U12_zwei-1024x576.jpg 1024w, https:\/\/sc-ohlsbach.de\/wp-content\/uploads\/2026\/03\/2026_A_U12_zwei-300x169.jpg 300w, https:\/\/sc-ohlsbach.de\/wp-content\/uploads\/2026\/03\/2026_A_U12_zwei-768x432.jpg 768w, https:\/\/sc-ohlsbach.de\/wp-content\/uploads\/2026\/03\/2026_A_U12_zwei-1536x864.jpg 1536w, https:\/\/sc-ohlsbach.de\/wp-content\/uploads\/2026\/03\/2026_A_U12_zwei-480x270.jpg 480w, https:\/\/sc-ohlsbach.de\/wp-content\/uploads\/2026\/03\/2026_A_U12_zwei.jpg 2000w\" sizes=\"auto, (max-width: 1024px) 100vw, 1024px\" \/><\/figure>\n\n\n\n<figure class=\"wp-block-image size-large\"><img loading=\"lazy\" decoding=\"async\" width=\"1024\" height=\"576\" data-id=\"1582\" src=\"https:\/\/sc-ohlsbach.de\/wp-content\/uploads\/2026\/03\/2026_A_U12_eins-1024x576.jpeg\" alt=\"\" class=\"wp-image-1582\" srcset=\"https:\/\/sc-ohlsbach.de\/wp-content\/uploads\/2026\/03\/2026_A_U12_eins-1024x576.jpeg 1024w, https:\/\/sc-ohlsbach.de\/wp-content\/uploads\/2026\/03\/2026_A_U12_eins-300x169.jpeg 300w, https:\/\/sc-ohlsbach.de\/wp-content\/uploads\/2026\/03\/2026_A_U12_eins-768x432.jpeg 768w, https:\/\/sc-ohlsbach.de\/wp-content\/uploads\/2026\/03\/2026_A_U12_eins-1536x864.jpeg 1536w, https:\/\/sc-ohlsbach.de\/wp-content\/uploads\/2026\/03\/2026_A_U12_eins-2048x1152.jpeg 2048w, https:\/\/sc-ohlsbach.de\/wp-content\/uploads\/2026\/03\/2026_A_U12_eins-480x270.jpeg 480w\" sizes=\"auto, (max-width: 1024px) 100vw, 1024px\" \/><\/figure>\n<\/figure>\n\n\n\n<p class=\"wp-block-paragraph\"><\/p>\n","protected":false},"excerpt":{"rendered":"<p>Im A-Turnier &#8211; geleitet von Regional-Schiedsrichter Sven Eberius &#8211; gewann Falk Wiehler vom TV Breisach vor Alexander Vitchtein vom SC Neum\u00fchl und Yves Eck, ebenfalls aus Breisach. Das B-Turnier unter der Leitung von Lennart Eberius und Helmut N\u00e4gele gewann Lian Troesch vom SC Neum\u00fchl, Zweiter wurde Samuel De Boer aus Seelbach. den dritten Platz belegte Noa Trbara von der M\u00f6rburgschule Langhurst.<\/p>\n","protected":false},"author":1,"featured_media":0,"parent":0,"menu_order":0,"comment_status":"closed","ping_status":"closed","template":"","meta":{"_crdt_document":"","_price":"","_stock":"","_tribe_ticket_header":"","_tribe_default_ticket_provider":"","_tribe_ticket_capacity":"0","_ticket_start_date":"","_ticket_end_date":"","_tribe_ticket_show_description":"","_tribe_ticket_show_not_going":false,"_tribe_ticket_use_global_stock":"","_tribe_ticket_global_stock_level":"","_global_stock_mode":"","_global_stock_cap":"","_tribe_rsvp_for_event":"","_tribe_ticket_going_count":"","_tribe_ticket_not_going_count":"","_tribe_tickets_list":"[]","_tribe_ticket_has_attendee_info_fields":false,"_kadence_starter_templates_imported_post":false,"_swpsp_post_exclude":false,"footnotes":"","_tec_slr_enabled":"","_tec_slr_layout":""},"class_list":["post-350","page","type-page","status-publish","hentry"],"ticketed":false,"_links":{"self":[{"href":"https:\/\/sc-ohlsbach.de\/index.php?rest_route=\/wp\/v2\/pages\/350","targetHints":{"allow":["GET"]}}],"collection":[{"href":"https:\/\/sc-ohlsbach.de\/index.php?rest_route=\/wp\/v2\/pages"}],"about":[{"href":"https:\/\/sc-ohlsbach.de\/index.php?rest_route=\/wp\/v2\/types\/page"}],"author":[{"embeddable":true,"href":"https:\/\/sc-ohlsbach.de\/index.php?rest_route=\/wp\/v2\/users\/1"}],"replies":[{"embeddable":true,"href":"https:\/\/sc-ohlsbach.de\/index.php?rest_route=%2Fwp%2Fv2%2Fcomments&post=350"}],"version-history":[{"count":65,"href":"https:\/\/sc-ohlsbach.de\/index.php?rest_route=\/wp\/v2\/pages\/350\/revisions"}],"predecessor-version":[{"id":1587,"href":"https:\/\/sc-ohlsbach.de\/index.php?rest_route=\/wp\/v2\/pages\/350\/revisions\/1587"}],"wp:attachment":[{"href":"https:\/\/sc-ohlsbach.de\/index.php?rest_route=%2Fwp%2Fv2%2Fmedia&parent=350"}],"curies":[{"name":"wp","href":"https:\/\/api.w.org\/{rel}","templated":true}]}}